 is the greatest common factor of u and p?
7
Let z(i) = i**3 + 2*i**2 - i + 84. Let m be z(0). Suppose 6 = -2*p + 5*p. Let w = 10 + p. What is the greatest common factor of m and w?
12
Let t(h) = -h**3 + 7*h**2 - h + 2. Let d be t(6). Let m = d - 29. Calculate the greatest common divisor of 1 and m.
1
Let b(i) = 39*i**2 - 4*i + 2. Let x be b(2). Let o be (-4)/18 - (-452)/9. What is the highest common factor of o and x?
50
Let c be 0/(-2) + 11/(-11). Let d be 318/(-6) + (c - 1). Let b = d + 100. What is the highest common factor of 9 and b?
9
Let v = 238 - -189. Suppose -10*n - 67 = -v. What is the highest common factor of 45 and n?
9
Suppose -l - 9 = -4*l. Let o = -1 + l. Suppose -o*a - 4*z + 38 = -60, -z - 1 = 0. Calculate the greatest common divisor of 17 and a.
17
Let b = -63 + 96. Let w = b + -25. Calculate the highest common factor of 32 and w.
8
Let r be (-20)/(-6)*(-13 + 4573/85). Calculate the highest common divisor of r and 170.
34
Suppose -10*x + 13*x = 120. What is the highest common divisor of 56 and x?
8
Suppose -4*s + 31 = 4*d - 41, 3*d - 50 = -2*s. Suppose 2*y + 5 = -5*j, 4*y + 3*j = 5 - 22. Let f = d + y. What is the greatest common factor of f and 63?
9
Suppose -86 = -y + 3*r, 2*r = -30*y + 25*y + 515. What is the greatest common factor of y and 404?
101
Suppose -2*z + 3*z - 6 = -x, 5*x = 2*z + 9. Suppose -30 = -2*v - z*v. Calculate the highest common divisor of 12 and v.
6
Let z(a) = -2*a**3 + 2*a**2 + a - 167. Let d be z(0). Let o = d - -327. What is the highest common factor of o and 20?
20
Let s = -218 + 425. Calculate the greatest common divisor of s and 23.
23
Let f(k) = -9*k**3 - 7*k**2 + 5*k + 23. Let w be f(-2). Calculate the greatest common divisor of w and 893.
19
Let h(d) = 8*d + 26. Let z be h(-6). Let f = 27 + z. What is the greatest common factor of f and 45?
5
Let s = 34 + -10. What is the greatest common factor of 32 and s?
8
Let t(b) = 2*b**2 + 3*b + 49. Let k be t(-5). What is the greatest common divisor of k and 2436?
84
Let r be ((-1)/(8/26))/(251/(-1004)). Let x(j) = 52*j**3 + j**2 - 1. Let t be x(1). What is the greatest common divisor of t and r?
13
Let z = 1756 - 1588. What is the highest common factor of 357 and z?
21
Suppose 85 = -4*r - 39. Let x = 33 + r. What is the greatest common factor of x and 5?
1
Let v = -360 + 442. Calculate the greatest common factor of 451 and v.
41
Let a(z) = z + 1. Let d be a(0). Suppose 5*i - 3*f - 8 = 0, f = d - 2. Suppose 44 = 3*w - i. Calculate the highest common factor of 6 and w.
3
Suppose 43*o - 40*o = 90. Let v be 3/3 + 1 + (o - 0). What is the greatest common factor of 160 and v?
32
Let x(i) = -2*i**3 - 9*i**2 + 35*i - 6. Let u be x(-9). What is the greatest common factor of u and 102?
102
Let k(s) = -54*s + 332. Let l be k(-16). What is the greatest common factor of l and 92?
92
Let q be (-8)/6*(-135)/18. Let i = 109 - -20. Let r = -39 + i. What is the greatest common factor of q and r?
10
Suppose x = -0*x + 24. Let l = 7685 + -7565. What is the greatest common factor of x and l?
24
Suppose 17*f - 21*f = -140. Calculate the greatest common divisor of f and 280.
35
Let v be 85 + (1 - 5) - 0. Calculate the greatest common factor of v and 9.
9
Let m = -375 - -426. What is the greatest common divisor of m and 663?
51
Suppose -270 = 44*o - 54*o. Let u(l) = -3*l + 2*l + 2*l. Let j be u(3). Calculate the highest common factor of o and j.
3
Let c be 7 + (-3 - 3 - -3). Suppose 3*h = c*h - 19. Calculate the greatest common factor of 114 and h.
19
Let h = -1713 + 1735. Calculate the greatest common factor of 638 and h.
22
Let s be 26/10 + (-8)/(-20). Let f(w) = 4 + 0*w**3 + 0*w**2 + 2*w**2 + 5*w**2 - w**s. Let v be f(6). What is the highest common factor of 16 and v?
8
Let v be 5*1/(-4)*-4. Suppose -v*u + 362 = -58. Let r(d) = -d**2 + 12*d - 14. Let h be r(7). What is the greatest common factor of h and u?
21
Suppose -147 = -2*b + 5*n, -3*b + 4*n + 86 = -117. Let x(y) = -5*y**2 + y + 3. Let j be x(3). Let r = j + b. What is the highest common factor of r and 2?
2
Let a(i) = 47*i**3 - 2*i**2 - 2*i - 1. Let s be a(-1). Let k = -34 - s. Let o be ((-45)/10 + 3)*-1*28. Calculate the greatest common factor of o and k.
14
Let u be (-1 + 4)*(-8)/(-6). Suppose -29 = -3*x - 3*a - 2*a, a = u. Calculate the highest common factor of x and 1.
1
Suppose 4*q - 80 = -5*y, q - 73 = -4*y - 4*q. Let f be (6 - (-2 + 4)) + -22. Let r be ((-6)/(-2))/(f/24) - -76. Calculate the highest common divisor of r and y.
12
Suppose 0 = -18*g - 632 + 3080. What is the greatest common factor of 51 and g?
17
Let o = 42 + -45. Let c = o + 19. Calculate the greatest common divisor of 128 and c.
16
Let f = 9 + -7. Suppose -m - 1 = f. Let n = m - -7. What is the greatest common divisor of 16 and n?
4
Let b be (-1)/((-51)/27 - -2). Let u = b - -10. Let i be u + (3 - (-2 + -44)). Calculate the greatest common factor of i and 20.
10
Let d(v) = -6*v - 91. Let z(y) = 9*y + 136. Let c(i) = -8*d(i) - 5*z(i). Let p be c(-12). What is the greatest common divisor of 48 and p?
12
Let y(n) = n**2 - 7*n + 9. Let a be y(6). Let h(f) = f**2 - f - 39. Let i be h(7). Calculate the highest common factor of a and i.
3
Suppose 45 + 51 = 12*v. Calculate the greatest common factor of 216 and v.
8
Let a = 4 - 1. Let b(v) = -4*v**2 - v - 4. Let g be b(a). Let w = g - -83. What is the highest common factor of 16 and w?
8
Let n be 5/(-3)*60/(-50). Suppose -n*p + 12 = -8. Calculate the greatest common divisor of p and 20.
10
Let t = -1838 + 2030. Calculate the highest common divisor of 2208 and t.
96
Let q(v) = v**3 - 10*v**2 - 12*v + 12. Let g be q(11). Suppose d - g - 24 = 0. Calculate the greatest common factor of 200 and d.
25
Suppose -696 = -6*k - 552. Calculate the highest common factor of k and 696.
24
Let w(i) = -2*i + 24. Let q be w(14). Let l be (12/10)/(q - (-405)/100). Let p = 38 + -14. What is the highest common divisor of l and p?
24
Suppose u - x - 82 = 0, -2*x + 149 + 247 = 5*u. What is the greatest common factor of 16 and u?
16
Let s(a) = 9*a**3 + a**2 + 2*a. Let o be s(2). Suppose 96 = -0*g + 3*g. What is the greatest common divisor of o and g?
16
Let z(i) be the first derivative of -3*i**2 - 3*i + 10. Let p be z(-2). What is the greatest common factor of p and 3?
3
Let u = 832 + -427. What is the highest common divisor of 180 and u?
45
Let a be 4454/18 - ((-28)/9)/(-7). Calculate the greatest common divisor of 76 and a.
19
Suppose 3 - 191 = -2*n. What is the greatest common divisor of 3008 and n?
94
Let m be ((-7)/2)/((-10)/140). Calculate the greatest common factor of m and 784.
49
Let d be 7/(-14) - (-21)/6. What is the highest common divisor of d and 12?
3
Let n be ((15/4)/(42/(-6272)))/(-1). What is the highest common divisor of n and 168?
56
Let w(r) = 217*r + 708. Let k be w(-3). Let o(b) = -2*b - 2*b + 10*b**2 + 2*b + 2. Let h be o(2). Calculate the greatest common factor of k and h.
19
Suppose 65 = 5*t + 4*u, -5*u - 11 = -2*t - 2*t. Suppose 0 = -3*c - o + 160, c + 26*o - 24*o = 50. Calculate the greatest common divisor of c and t.
9
Let l(t) = t**3 + 13*t**2 + 11*t + 3. Let b be l(-12). What is the highest common factor of 135 and b?
15
Let v(z) = -z**3 + 4*z**2 + 68*z - 12. Let j be v(-7). What is the highest common divisor of 12 and j?
3
Let s = -892 - -1081. Calculate the greatest common factor of 252 and s.
63
Let l(h) = h**2 - 4*h - 4. Let u be l(7). Let o(k) = 4*k + 7. Let d be o(u). Calculate the highest common divisor of d and 30.
15
Let h(g) = 451*g + 2713. Let s be h(-6). Suppose -121 - 19 = -4*r. Calculate the highest common factor of r and s.
7
Suppose 2*m = 3*k + 138, -3*m - 3*k + 217 = -5. Calculate the greatest common divisor of m and 171.
9
Let f be (43 + -1)*4*3/24. Let s be -5*(-24)/21 - (-6)/f. What is the greatest common divisor of 66 and s?
6
Let j be (21 - 14)*(2 - 0). Let g be (2 - (-15)/(-10))*j. Calculate the highest common divisor of g and 28.
7
Let k = 183 - 170. What is the highest common factor of 39 and k?
13
Let r be (-4)/(-10) - 924/(-15). Let a be -3 + r*(-9)/(-6). Calculate the greatest common factor of 10 and a.
10
Suppose 5*d + 6 = 461. Suppose -z = -4*z + 12. Let r = 9 + z. What is the greatest common divisor of d and r?
13
Suppose -4*i - 5*d = -291, -11*i + 3*d - 354 =